{"version":"1.0","provider_name":"Macabro","provider_url":"https:\/\/macabro.mx\/en","author_name":"Diario Macabro","author_url":"https:\/\/macabro.mx\/en\/author\/diario-macabro\/","title":"Bolet\u00edn de prensa #MacabroXVIII: Programaci\u00f3n 2019 | Macabro","type":"rich","width":600,"height":338,"html":"<blockquote class=\"wp-embedded-content\" data-secret=\"2n1TrVPXtX\"><a href=\"https:\/\/macabro.mx\/en\/boletin-de-prensa-macabroxviii-programacion-2019\/\">Bolet\u00edn de prensa #MacabroXVIII: Programaci\u00f3n 2019<\/a><\/blockquote><iframe sandbox=\"allow-scripts\" security=\"restricted\" src=\"https:\/\/macabro.mx\/en\/boletin-de-prensa-macabroxviii-programacion-2019\/embed\/#?secret=2n1TrVPXtX\" width=\"600\" height=\"338\" title=\"&#8220;Bolet\u00edn de prensa #MacabroXVIII: Programaci\u00f3n 2019&#8221; &#8212; Macabro\" data-secret=\"2n1TrVPXtX\" frameborder=\"0\" marginwidth=\"0\" marginheight=\"0\" scrolling=\"no\" class=\"wp-embedded-content\"><\/iframe><script type=\"text\/javascript\">\n\/* <![CDATA[ *\/\n\/*! This file is auto-generated *\/\n!function(d,l){\"use strict\";l.querySelector&&d.addEventListener&&\"undefined\"!=typeof URL&&(d.wp=d.wp||{},d.wp.receiveEmbedMessage||(d.wp.receiveEmbedMessage=function(e){var t=e.data;if((t||t.secret||t.message||t.value)&&!\/[^a-zA-Z0-9]\/.test(t.secret)){for(var s,r,n,a=l.querySelectorAll('iframe[data-secret=\"'+t.secret+'\"]'),o=l.querySelectorAll('blockquote[data-secret=\"'+t.secret+'\"]'),c=new RegExp(\"^https?:$\",\"i\"),i=0;i<o.length;i++)o[i].style.display=\"none\";for(i=0;i<a.length;i++)s=a[i],e.source===s.contentWindow&&(s.removeAttribute(\"style\"),\"height\"===t.message?(1e3<(r=parseInt(t.value,10))?r=1e3:~~r<200&&(r=200),s.height=r):\"link\"===t.message&&(r=new URL(s.getAttribute(\"src\")),n=new URL(t.value),c.test(n.protocol))&&n.host===r.host&&l.activeElement===s&&(d.top.location.href=t.value))}},d.addEventListener(\"message\",d.wp.receiveEmbedMessage,!1),l.addEventListener(\"DOMContentLoaded\",function(){for(var e,t,s=l.querySelectorAll(\"iframe.wp-embedded-content\"),r=0;r<s.length;r++)(t=(e=s[r]).getAttribute(\"data-secret\"))||(t=Math.random().toString(36).substring(2,12),e.src+=\"#?secret=\"+t,e.setAttribute(\"data-secret\",t)),e.contentWindow.postMessage({message:\"ready\",secret:t},\"*\")},!1)))}(window,document);\n\/* ]]> *\/\n<\/script>","thumbnail_url":"https:\/\/macabro.mx\/wp-content\/uploads\/2019\/08\/004_MIDSTHD-06_KeyArtINTL_R2_MX_B-visual-low.jpg","thumbnail_width":1000,"thumbnail_height":1428,"description":"La d\u00e9cimo octava edici\u00f3n de Macabro se llevar\u00e1 a cabo del 21 de agosto al 1 de septiembre en 16 sedes de la Ciudad de M\u00e9xico Se inaugura con la proyecci\u00f3n de la pel\u00edcula El Fantasma de la \u00d3pera, dirigida por Rupert Julian en 1925, funci\u00f3n musicalizada por EL CLAN en el Teatro de la"}

Boletín de prensa #MacabroXVIII: Programación 2019 | Macabro

<blockquote class="wp-embedded-content" data-secret="2n1TrVPXtX"><a href="https://macabro.mx/en/boletin-de-prensa-macabroxviii-programacion-2019/">Boletín de prensa #MacabroXVIII: Programación 2019</a></blockquote><iframe sandbox="allow-scripts" security="restricted" src="https://macabro.mx/en/boletin-de-prensa-macabroxviii-programacion-2019/embed/#?secret=2n1TrVPXtX" width="600" height="338" title="&#8220;Boletín de prensa #MacabroXVIII: Programación 2019&#8221; &#8212; Macabro" data-secret="2n1TrVPXtX" frameborder="0" marginwidth="0" marginheight="0" scrolling="no" class="wp-embedded-content"></iframe><script type="text/javascript">
/* <![CDATA[ */
/*! This file is auto-generated */
!function(d,l){"use strict";l.querySelector&&d.addEventListener&&"undefined"!=typeof URL&&(d.wp=d.wp||{},d.wp.receiveEmbedMessage||(d.wp.receiveEmbedMessage=function(e){var t=e.data;if((t||t.secret||t.message||t.value)&&!/[^a-zA-Z0-9]/.test(t.secret)){for(var s,r,n,a=l.querySelectorAll('iframe[data-secret="'+t.secret+'"]'),o=l.querySelectorAll('blockquote[data-secret="'+t.secret+'"]'),c=new RegExp("^https?:$","i"),i=0;i<o.length;i++)o[i].style.display="none";for(i=0;i<a.length;i++)s=a[i],e.source===s.contentWindow&&(s.removeAttribute("style"),"height"===t.message?(1e3<(r=parseInt(t.value,10))?r=1e3:~~r<200&&(r=200),s.height=r):"link"===t.message&&(r=new URL(s.getAttribute("src")),n=new URL(t.value),c.test(n.protocol))&&n.host===r.host&&l.activeElement===s&&(d.top.location.href=t.value))}},d.addEventListener("message",d.wp.receiveEmbedMessage,!1),l.addEventListener("DOMContentLoaded",function(){for(var e,t,s=l.querySelectorAll("iframe.wp-embedded-content"),r=0;r<s.length;r++)(t=(e=s[r]).getAttribute("data-secret"))||(t=Math.random().toString(36).substring(2,12),e.src+="#?secret="+t,e.setAttribute("data-secret",t)),e.contentWindow.postMessage({message:"ready",secret:t},"*")},!1)))}(window,document);
/* ]]> */
</script>

La décimo octava edición de Macabro se llevará a cabo del 21 de agosto al 1 de septiembre en 16 sedes de la Ciudad de México Se inaugura con la proyección de la película El Fantasma de la Ópera, dirigida por Rupert Julian en 1925, función musicalizada por EL CLAN en el Teatro de la
